1100110
In base 13, what is -1526 + -5?
-152b
In base 8, what is 1710 + -5?
1703
In base 5, what is -1 + 10333?
10332
In base 2, what is 11 + 100011?
100110
In base 14, what is 23 + -8?
19
In base 10, what is -4675 + 4?
-4671
In base 10, what is -5 - -3409?
3404
In base 10, what is -960 - 2?
-962
In base 2, what is -1011011 + 1110?
-1001101
In base 14, what is -3 + 2b5?
2b2
In base 11, what is -52 + -1?
-53
In base 8, what is 2 - -1744?
1746
In base 16, what is 9 - -1e?
27
In base 16, what is -34 + 62?
2e
In base 10, what is -2 + -4540?
-4542
In base 2, what is 111100 + 1000?
1000100
In base 14, what is -131d - 1?
-1320
In base 9, what is -148 + -101?
-250
In base 13, what is -3 + 379?
376
In base 9, what is -163 - -4?
-158
In base 10, what is -1 - -134?
133
In base 7, what is -5 - -122?
114
In base 11, what is -2 + -2453?
-2455
In base 12, what is -5 + 3219?
3214
In base 12, what is 1 - -29?
2a
In base 13, what is -4 + -843?
-847
In base 10, what is 84 - -4?
88
In base 11, what is 1812 - 4?
1809
In base 15, what is -28c + 4?
-288
In base 12, what is -a + -97?
-a5
In base 10, what is 280 + -4?
276
In base 3, what is -1122021 + 11?
-1122010
In base 5, what is 2241 - -33?
2324
In base 6, what is 11 - 4?
3
In base 9, what is -4 + -461?
-465
In base 10, what is 4837 - 0?
4837
In base 3, what is -20202202 - -12?
-20202120
In base 7, what is -12 - 13?
-25
In base 8, what is 137 + -2?
135
In base 16, what is -3da - 9?
-3e3
In base 6, what is -13 + -452?
-505
In base 15, what is 163 - 2b?
137
In base 15, what is 4767 + 3?
476a
In base 12, what is -37 - b?
-46
In base 13, what is 319 - a?
30c
In base 15, what is -2 + -8c?
-8e
In base 5, what is 10 + -1021?
-1011
In base 6, what is -5 + -221?
-230
In base 13, what is 1 + -774?
-773
In base 9, what is 2 - 117?
-115
In base 12, what is -72 + b1?
3b
In base 13, what is -12 - c3?
-105
In base 3, what is 2202 + -1?
2201
In base 3, what is -10 + 1202222?
1202212
In base 13, what is 5a - -5?
62
In base 5, what is 1133 + -44?
1034
In base 9, what is -153 + -102?
-255
In base 8, what is -2447 + -6?
-2455
In base 13, what is 1c3 + -1?
1c2
In base 15, what is -5 - -50?
4a
In base 6, what is 1152 + -3?
1145
In base 2, what is 1111010 + 11?
1111101
In base 10, what is -3466 + 2?
-3464
In base 5, what is 20 - -140?
210
In base 12, what is 474 + 2?
476
In base 9, what is -271 - -1?
-270
In base 9, what is 5 - 30?
-24
In base 13, what is 22 - 4?
1b
In base 16, what is -994 + 2?
-992
In base 11, what is -43 - 49?
-91
In base 2, what is 1101001 - 101?
1100100
In base 15, what is 9c + -19?
83
In base 11, what is 30 - -2a4?
324
In base 14, what is -8 - 317?
-321
In base 9, what is -642 - -6?
-635
In base 5, what is 131 + -11?
120
In base 3, what is 221020 + -10?
221010
In base 11, what is 303 + -3?
300
In base 13, what is -2 + 190?
18b
In base 6, what is 1344 + 3?
1351
In base 11, what is -12 - -33?
21
In base 14, what is 1c - c0?
-a2
In base 4, what is 2113 + -20?
2033
In base 4, what is -2 + 101131?
101123
In base 2, what is -1 - -10011101101?
10011101100
In base 6, what is 40 + -25?
11
In base 15, what is -c8 + -4?
-cc
In base 9, what is -4 + 70?
65
In base 10, what is -113 + 3?
-110
In base 15, what is 2 + b0?
b2
In base 14, what is 11 - -29a?
2ab
In base 2, what is -111 + -10110000?
-10110111
In base 4, what is -1 - -303?
302
In base 14, what is 1ca + 1?
1cb
In base 7, what is -32012 + -4?
-32016
In base 13, what is -5 + 3a3?
39b
In base 12, what is -338 - -5?
-333
In base 9, what is -4 - 102?
-106
In base 16, what is 29 + -d?
1c
In base 8, what is -1255 - 33?
-1310
In base 14, what is 0 - b1?
-b1
In base 16, what is 1d - 2?
1b
In base 2, what is 11 + -10000011?
-10000000
In base 2, what is -111 - 100100101110?
-100100110101
In base 9, what is -228 - 5?
-234
In base 4, what is 1101 - 132?
303
In base 4, what is 0 - -1001?
1001
In base 2, what is -111 + 11000011?
10111100
In base 13, what is -b7 - -1?
-b6
In base 2, what is 10111 + 11?
11010
In base 4, what is 110 - 31?
13
In base 5, what is -41324 - 3?
-41332
In base 16, what is -3 + eb?
e8
In base 2, what is -1100 + -11001?
-100101
In base 7, what is -663 - -5?
-655
In base 13, what is 5 - 1774?
-176c
In base 11, what is 5 - -33?
38
In base 10, what is -5 - 47?
-52
In base 7, what is -402 - 11?
-413
In base 5, what is 0 + 4042?
4042
In base 5, what is 123 - -24?
202
In base 12, what is 2 + -3bb?
-3b9
In base 8, what is -37302 + -3?
-37305
In base 3, what is 0 - 10002110?
-10002110
In base 3, what is 1202211 - 2?
1202202
In base 9, what is -5 + -276?
-282
In base 4, what is -13 + 202330?
202311
In base 10, what is 1 + 632?
633
In base 3, what is -12212 + 1012?
-11200
In base 10, what is 2 + -39?
-37
In base 15, what is 2 + 20?
22
In base 4, what is -2000 - 11?
-2011
In base 11, what is 1 - 5?
-4
In base 3, what is 22 - 1120?
-1021
In base 13, what is 6 + -18?
-12
In base 14, what is -a + 166?
15a
In base 9, what is 3 + 761?
764
In base 8, what is -30 + -64?
-114
In base 4, what is 1121 - -11?
1132
In base 8, what is 7703 - 3?
7700
In base 6, what is 2 - -1?
3
In base 2, what is 11110 - 0?
11110
In base 9, what is 511 + -15?
485
In base 15, what is -2 + d8?
d6
In base 6, what is 2 + -5102?
-5100
In base 7, what is 0 - 1154?
-1154
In base 4, what is -3 + -1021321?
-1021330
In base 6, what is -231 + -2?
-233
In base 4, what is 20 - 100?
-20
In base 4, what is -3011 - 131?
-3202
In base 2, what is 0 + -1001100?
-1001100
In base 10, what is -10 + 130?
120
In base 16, what is -1 + -1e4?
-1e5
In base 4, what is 0 - 120230?
-120230
In base 6, what is 111 + 250?
401
In base 4, what is 11 + 202?
213
In base 6, what is 1520 - -14?
1534
In base 14, what is 11 - d?
2
In base 3, what is 2 + 10100?
10102
In base 14, what is -2967 - -3?
-2964
In base 13, what is 25 + 2?
27
In base 14, what is -38 + -1aa?
-204
In base 11, what is 317 + -3?
314
In base 15, what is -4 + -44?
-48
In base 4, what is -112 - -32?
-20
In base 10, what is 4 + 240?
244
In base 3, what is 201212110 - 1?
201212102
In base 14, what is -197 - 13?
-1aa
In base 11, what is -18 + -736?
-753
In base 14, what is 11a5d + -1?
11a5c
In base 6, what is 3 + 43002?
43005
In base 2, what is 1 + 1001011?
1001100
In base 13, what is -17 + a?
-a
In base 13, what is -4 - -128c?
1288
In base 4, what is -2300 - -3?
-2231
In base 16, what is -2e + 4?
-2a
In base 7, what is -4064 - -6?
-4055
In base 6, what is -4135 + 0?
-4135
In base 5, what is 404 + -100?
304
In base 3, what is 1 + -22001111?
-22001110
In base 10, what is -4 + -34?
-38
In base 4, what is 0 + 103?
103
In base 6, what is 5134 - 0?
5134
In base 10, what is 2 + -40?
-38
In base 6, what is 3 - -4115?
4122
In base 6, what is -10 - 43?
-53
In base 12, what is 0 + 126?
126
In base 16, what is -67 - -3?
-64
In base 8, what is 561 + -7?
552
In base 12, what is -3b + 4?
-37
In base 14, what is 18 + -68?
-50
In base 7, what is 5 + -34?
-26
In base 14, what is -51 + 4?
-4b
In base 16, what is -2 + -a?
-c
In base 9, what is -107 - 0?
-107
In base 10, what is 1 + -2238?
-2237
In base 14, what is -1325 - 5?
-132a
In base 3, what is -212 + -12?
-1001
In base 2, what is -110 + 10000?
1010
In base 4, what is 12112 + 3?
12121
In base 3, what is 12121 + -11201?
220
In base 4, what is 112121 - 2?
112113
In base 14, what is -1c4 - -2?
-1c2
In base 10, what is -7 - -64?
57
In base 9, what is -17 + 2?
-15
In base 8, what is -130 + 4?
-124
In base 3, what is -200 + 20212?
20012
In base 12, what is -236 - -4?
-232
In base 7, what is 103 - -1?
104
In base 9, what is 40 + -4?
35
In base 5, what is 241 - 110?
131
In base 4, what is 32210 - -33?
32303
In base 11, what is -5 + -30a?
-314
In base 3, what is 11 + 2220110?
2220121
In base 11, what is -2 + -444?
-446
In base 12, what is -4 + -68?
-70
In base 16, what is -a7 + -6?
-ad
In base 15, what is 21d + 1?
21e
In base 14, what is -1 + -77?
-78
In base 7, what is -1361 - 0?
-1361
In base 13, what is 3 + -51?
-4b
In base 8, what is -14 + -7?
-23
In base 7, what is 5426 - -5?
5434
In base 4, what is 3131 - 111?
3020
In base 14, what is -1 + 48?
47
In base 10, what is 6 - -10?
16
In base 2, what is -100110001 + -110?
-100110111
In base 4, what is -320211 - 11?
-320222
In base 4, what is 320 - 11?
303
In base 9, what is 3 - 26?
-23
In base 4, w